h*f(k) + 3*m(k). Is x(0) composite?
False
Suppose -3238901 = -29*j - 1183642. Is j a composite number?
True
Suppose 4272 = 9*h + 3*h. Let x = 539 + h. Is x a composite number?
True
Let u(f) = 4997*f**3 + 2*f**2 + 14*f - 32. Is u(3) a prime number?
True
Let p(t) = -6*t**2 + 5*t**2 + 13*t**2 + 24*t - 6*t + 231 + 24*t. Is p(-5) prime?
False
Is ((-37183742)/(-1566) + (-6)/81)*(0 + 3) composite?
False
Suppose 0 = 5*r - 7*r + 4*f + 44720, -r = -f - 22365. Suppose g + r = 11*g. Is g a composite number?
False
Suppose 31*w = 11750928 + 2748020 - 3977269. Is w a composite number?
True
Suppose 251318 - 70989 = 19*a. Is a composite?
False
Let l(x) = -3*x**2 - 6*x - 8. Let h be l(-2). Let d(p) = 3*p**2 + 15*p + 24. Let q be d(h). Let c = 253 - q. Is c a composite number?
False
Let x(d) = 2*d + 19. Let c be x(-8). Let m(f) = f + 2 + 6*f**2 + 23*f**3 - 8*f**2 + 2*f. Is m(c) composite?
True
Is (12/9)/((-44)/(-222519)) a composite number?
True
Suppose 0 = -r + 4*o, 5*r - 5*o - 14 = 1. Suppose 4*m = -3*w + 1013, 4*m = 8*w - r*w + 992. Is m prime?
True
Let u be ((3 - 9) + 3)/((-18)/24). Suppose -w - 5 = 4*w. Is -68*59/u*w a prime number?
False
Suppose 8*o - 21 = 19. Suppose 5*k - 6555 = c, 986 + 5544 = 5*k + 4*c. Suppose -2*p - k = -4*x - 86, 4*x - o*p = 1230. Is x composite?
True
Suppose -12*n + 38 = 2. Let q(d) = 18*d + n*d + 0*d + 5*d - 11. Is q(23) prime?
True
Let r(a) = -a**3 + a**2 - 2*a - 21. Let f(m) = -7 - 4*m**2 - 2 + 0*m**2 - 25*m + 5*m**2. Let n be f(25). Is r(n) a prime number?
False
Let v = 233703 - 111896. Is v composite?
True
Suppose 5*p + 2*u - 16163 = 0, -4*p - 8565 = -2*u - 21481. Let c be (6/(-9))/((-3)/p). Let a = c + 183. Is a prime?
False
Suppose 5*q = -4*d + 513175, 4*q - 5*d - 205237 = 2*q. Is q composite?
True
Suppose -5*p = -2*u - 4, 2*p = -5 + 1. Let q(i) = i**3 + 8*i**2 + 3*i - 12. Let w be q(u). Suppose t + t - 4413 = -x, w = -4*t. Is x a prime number?
True
Suppose 19*j - 20*j + 1194 = 0. Suppose 0 = -5*a + 2*p - j + 15339, 2*a - 5669 = 3*p. Suppose -8172 = -5*q - a. Is q composite?
False
Let o = 691 - 688. Suppose -o*j - 252 = -f - 6*j, -2*f - j + 499 = 0. Is f a composite number?
True
Let b(a) = -a**3 - 181*a**2 - 96*a + 175. Is b(-181) a composite number?
False
Let z(c) = 2*c - 16. Suppose 6 = p - 6. Let w be z(p). Suppose 696 - 6160 = -w*y. Is y a prime number?
True
Let k(b) = -243*b**3 - 4*b - 3. Let q(n) = -2*n - 17. Let w be q(-8). Let u be k(w). Let l = u - 29. Is l a prime number?
False
Is (4/(-4))/(29/(-162371)) composite?
True
Let f = -91729 - -137940. Is f a prime number?
False
Let k = -719869 - -1058016. Is k a prime number?
False
Let x(r) = -r**3 - 4*r**2 + 17*r + 7. Let n be x(-6). Is (n - -20)*1738/(-6) composite?
True
Is ((-589804)/(-32)*-14)/(5/((-180)/9)) prime?
False
Suppose 0 = -425*b + 61097011 + 4394214. Is b prime?
True
Let h = -419 - -432. Let b(o) = -31*o**2 + 35*o - 24. Let c(s) = 47*s**2 - 52*s + 36. Let q(v) = -8*b(v) - 5*c(v). Is q(h) composite?
False
Suppose 0 = -3*n + 3*s + 424 + 152, 4*s = 5*n - 956. Suppose 2*y + h + n = -739, 0 = 4*h - 20. Let x = y + 1464. Is x prime?
False
Let f(k) = -155*k + 4. Let l be (-11 + 13)/(2/(-15)). Is f(l) a prime number?
False
Suppose 0 = -4*v + 12. Suppose -2*l + 3*s = 10, 9*l + 2*s = 14*l + v. Is l + 0 + 1004 + 4 prime?
True
Let p(y) = 24*y + 22. Let v(b) = 1. Let q(x) = -4. Let f(g) = 2*q(g) + 9*v(g). Let r(t) = 5*f(t) - p(t). Is r(-14) a prime number?
False
Suppose 0 = -3*y - 2*w + 28, 4*y + 3*w - 56 = 5*w. Let a = y - 9. Suppose -c + 1760 = a*g, -3*g + 298 + 1461 = 2*c. Is g a composite number?
False
Let l(k) = 61*k**2 + 3*k + 5. Let p be l(-8). Suppose 0 = 2*v + g - 6*g - 2949, 5*v = -2*g + 7358. Let a = p + v. Is a a composite number?
True
Let j(i) = 24*i**3 + 13*i**2 - 64*i - 1. Suppose 0 = -x - 5*w - 12, x - w + 12 = 3*x. Is j(x) composite?
True
Suppose -3*n = 4*h - 0*n + 24, 2*n = -h - 11. Let z(w) = 5*w + 15. Let s be z(h). Suppose -4*u + c + 2539 = s, 3180 = 5*u - 0*c + 5*c. Is u prime?
False
Let f(l) = 1834*l**2 - l + 2. Let s = 171 + -170. Is f(s) composite?
True
Suppose -38 = -4*j - 6. Suppose -11*p = -j*p - 16467. Is p a composite number?
True
Let q = 492 + -3201. Let j = 1852 - q. Is j prime?
True
Let m be (1 - (-10597)/(-3))/((-10)/15). Suppose m + 4508 = -5*l. Let y = l - -3178. Is y composite?
False
Let c = -257 + 258. Let o(t) = 5712*t**2 - 13*t + 12. Is o(c) a composite number?
False
Let q(o) = 58849*o - 876. Is q(1) a composite number?
False
Is ((-22326020)/(-220) - -14)*11 a composite number?
True
Let f(a) = 2*a**2 - a + 5. Let k be f(0). Suppose 4*i + 3*h = 2256 - 294, -3*i + 1457 = -k*h. Is i prime?
False
Let f(v) = v + 8. Let d be f(-4). Suppose -n + 69 = d*z + 4*n, -3*n = 3*z - 48. Suppose z*a - 10*a - 535 = 0. Is a prime?
False
Suppose 2*a - 3*n = 22727, 6859 + 27212 = 3*a + 2*n. Is a prime?
False
Let q = 1158 - 335. Let k = q + -270. Is k a composite number?
True
Suppose -g + 5 = -2*h + 4*g, -35 = -3*h - g. Suppose h*v = 5*v + 10. Suppose -v*x + 988 = n, -n - 601 = -3*x + 876. Is x composite?
True
Let u be (18/7)/(234/(-84) + 3). Is (-1)/3 - (260480/u)/(-11) a composite number?
False
Suppose 4*c - 16 = -4*a, 4*c = -a + 2*c + 3. Suppose a*o + 138 = 128. Is (-3)/(o*3/86) prime?
True
Suppose 2*w = 2*q - 536, 2*q - 2*w - 1340 = -3*q. Suppose 278*f - q*f = 58070. Is f a prime number?
True
Let q = 378 + -388. Is 5/(q/(-1556))*(-5)/(-10) prime?
True
Suppose 5*s - 4447 = 5*c + 81498, 3*c + 51581 = -4*s. Let f = c + 33720. Is f composite?
False
Suppose -32*k + 7 + 57 = 0. Suppose 0 = -k*v + t + 65428, -4*v + 57913 = -4*t - 72947. Is v a prime number?
True
Suppose -30 = -2*f + 5*s, 0 = -2*f - 5*s + 4*s + 6. Suppose -2*k + 2*a = -2180, f*a - 3246 = -3*k - 0*a. Is k composite?
False
Suppose -5*p + 18840 = -5*g - 9305, 4*g - 22532 = -4*p. Suppose -8*q + 7537 + p = 0. Is q a composite number?
True
Let r(f) = 12*f**2 - 14. Let j(q) = -q**3 + 2*q**2 - q - 1. Let d(h) = 5*j(h) - r(h). Is d(-3) composite?
True
Suppose -3*m + 16 + 11 = -4*p, 3*m - 21 = 2*p. Let l be (1 - (m + (-4)/2))*-1. Suppose -1217 = -3*d + 5*n - 3*n, -d - l*n = -411. Is d composite?
True
Let a(t) = 1493*t**3 + 15*t**2 - 31*t + 33. Is a(4) a prime number?
True
Suppose r + 453 = 596. Suppose 150*m = r*m + 30877. Is m a prime number?
False
Suppose 4*q - 438 = -2*t, 5*t - 2*q - 1525 + 406 = 0. Suppose 4*w = 5*w + t. Let f = 558 + w. Is f a composite number?
True
Let r(i) = -2*i**3 - 59*i**2 + 97*i + 129. Let g be r(-31). Let v(q) = 4*q + 8 + 4*q + 13*q. Is v(g) a composite number?
False
Let j = 765 - 16. Let g = j - 72. Is g composite?
False
Let d = -401 + 335. Is (d/(-8))/(6 - 2943/492) composite?
True
Suppose h + 8*d - 4*d - 22233 = 0, 0 = 2*h + d - 44459. Is h a composite number?
False
Suppose 9*a = 13*a - 4976. Suppose j - 4 + 1 = 0. Suppose -f + a = 3*q, -1487 - 2240 = -j*f - 4*q. Is f a prime number?
False
Let j = 930 + -653. Suppose 0 = 5*i + 4062 - j. Let h = 1456 + i. Is h prime?
False
Let g(v) = 4 + 4*v + 16*v + 5*v. Let d be (16 + -18)/((-2)/13). Is g(d) a composite number?
True
Suppose -5*p + 5*z - 83775 = 0, -4*z - 3002 = -p - 19766. Let n = -8089 - p. Is n a prime number?
True
Let u = -51 + 58. Suppose 7 = u*f + 119. Let h(k) = -6*k + 13. Is h(f) prime?
True
Suppose 51*w - 47*w - 12 = 0. Suppose w*p + 5*h - 3677 = 0, -4*p - 4*h + 3*h = -4897. Let d = p + -781. Is d prime?
True
Let k = -24 + 28. Suppose -2*i + 21 = -5*w + 2*w, 0 = -k*w - 2*i - 14. Is 47*w*(-2)/2 a prime number?
False
Let j = -58 + 106. Let n be (j/40)/((-11)/5 - -2). Is ((-80)/15 - n)*(-1218)/(-4) composite?
True
Let k(r) = 14548*r - 1. Let b be k(1). Is (3/((-9)/2))/((-26)/b) a prime number?
True
Is 7/(-4) + (-21636527)/(-148) a composite number?
False
Let a = -46 + -2. Suppose -10*p - 4*p = -574. Let l = p - a. Is l a prime number?
True
Suppose -2*v + 3*v = 4*v. Let d(u) = -12*u + 5. Let l be d(v). Is (0 - l)/5 + (0 - -642) a prime number?
True
Let p(z) = 113*z**2 + 2*z + 3. Let r = 7 + 1. Let j be 45/60 + (-22)/r. Is p(j) composite?
True
Let s(w) = 78*w - 14. Let u = 38 + -49. Let h = 15 + u. Is s(h) a composite number?
True
Let u be 3/(0 + (-3)/(-2975)). Let t = u - -10118. Is t prime?
True
Let b be (2 + -2 + 0)/(-2). Let y = -86 - -126. Suppose b = -u + y + 37. Is u a composite number?
True
Let c(z) 